[INFO] cloning repository https://github.com/resin-io-playground/resin-pam
[INFO] running `Command { std: "git" "-c" "credential.helper=" "-c" "credential.helper=/workspace/cargo-home/bin/git-credential-null" "clone" "--bare" "https://github.com/resin-io-playground/resin-pam" "/workspace/cache/git-repos/https%3A%2F%2Fgithub.com%2Fresin-io-playground%2Fresin-pam", kill_on_drop: false }`
[INFO] [stderr] Cloning into bare repository '/workspace/cache/git-repos/https%3A%2F%2Fgithub.com%2Fresin-io-playground%2Fresin-pam'...
[INFO] running `Command { std: "git" "rev-parse" "HEAD", kill_on_drop: false }`
[INFO] [stdout] e883acf45cf3dd57e8f5d80508db8ea76fa4caca
[INFO] checking resin-io-playground/resin-pam against try#72f88fc4e9458f89516a0b8b0868f3718aec5b47 for pr-74989
[INFO] running `Command { std: "git" "clone" "/workspace/cache/git-repos/https%3A%2F%2Fgithub.com%2Fresin-io-playground%2Fresin-pam" "/workspace/builds/worker-1/source", kill_on_drop: false }`
[INFO] [stderr] Cloning into '/workspace/builds/worker-1/source'...
[INFO] [stderr] done.
[INFO] validating manifest of git repo https://github.com/resin-io-playground/resin-pam on toolchain 72f88fc4e9458f89516a0b8b0868f3718aec5b47
[INFO] running `Command { std: "/workspace/cargo-home/bin/cargo" "+72f88fc4e9458f89516a0b8b0868f3718aec5b47" "read-manifest" "--manifest-path" "Cargo.toml", kill_on_drop: false }`
[INFO] started tweaking git repo https://github.com/resin-io-playground/resin-pam
[INFO] removed path dependency pam from git repo https://github.com/resin-io-playground/resin-pam
[INFO] finished tweaking git repo https://github.com/resin-io-playground/resin-pam
[INFO] tweaked toml for git repo https://github.com/resin-io-playground/resin-pam written to /workspace/builds/worker-1/source/Cargo.toml
[INFO] crate git repo https://github.com/resin-io-playground/resin-pam already has a lockfile, it will not be regenerated
[INFO] running `Command { std: "/workspace/cargo-home/bin/cargo" "+72f88fc4e9458f89516a0b8b0868f3718aec5b47" "fetch" "--locked" "--manifest-path" "Cargo.toml", kill_on_drop: false }`
[INFO] [stderr] warning: dependency (pam) specified without providing a local path, Git repository, or version to use. This will be considered an error in future versions
[INFO] [stderr]     Updating crates.io index
[INFO] [stderr] error: the lock file /workspace/builds/worker-1/source/Cargo.lock needs to be updated but --locked was passed to prevent this
[INFO] [stderr] If you want to try to generate the lock file without accessing the network, use the --offline flag.
[INFO] the lockfile is outdated, regenerating it
[INFO] running `Command { std: "/workspace/cargo-home/bin/cargo" "+72f88fc4e9458f89516a0b8b0868f3718aec5b47" "generate-lockfile" "--manifest-path" "Cargo.toml" "-Zno-index-update", kill_on_drop: false }`
[INFO] [stderr]     Blocking waiting for file lock on package cache
[INFO] running `Command { std: "/workspace/cargo-home/bin/cargo" "+72f88fc4e9458f89516a0b8b0868f3718aec5b47" "fetch" "--locked" "--manifest-path" "Cargo.toml", kill_on_drop: false }`
[INFO] [stderr] warning: dependency (pam) specified without providing a local path, Git repository, or version to use. This will be considered an error in future versions
[INFO] [stderr]     Blocking waiting for file lock on package cache
[INFO] [stderr]  Downloading crates ...
[INFO] [stderr]   Downloaded pam-sys v0.5.6
[INFO] [stderr]   Downloaded users v0.8.1
[INFO] [stderr]   Downloaded pam v0.7.0
[INFO] running `Command { std: "docker" "create" "-v" "/var/lib/crater-agent-workspace/builds/worker-1/target:/opt/rustwide/target:rw,Z" "-v" "/var/lib/crater-agent-workspace/builds/worker-1/source:/opt/rustwide/workdir:ro,Z" "-v" "/var/lib/crater-agent-workspace/cargo-home:/opt/rustwide/cargo-home:ro,Z" "-v" "/var/lib/crater-agent-workspace/rustup-home:/opt/rustwide/rustup-home:ro,Z" "-e" "SOURCE_DIR=/opt/rustwide/workdir" "-e" "CARGO_TARGET_DIR=/opt/rustwide/target" "-e" "CARGO_HOME=/opt/rustwide/cargo-home" "-e" "RUSTUP_HOME=/opt/rustwide/rustup-home" "-w" "/opt/rustwide/workdir" "-m" "1610612736" "--user" "0:0" "--network" "none" "rustops/crates-build-env@sha256:d92eaeed33fa75130ca1ee6c8a01d1ffb62bac859dfdfb3450e3e5d1c0146529" "/opt/rustwide/cargo-home/bin/cargo" "+72f88fc4e9458f89516a0b8b0868f3718aec5b47" "metadata" "--no-deps" "--format-version=1", kill_on_drop: false }`
[INFO] [stdout] b06d5029ac71e1cceca7001f6d9abd5d9d5a1f9aae76eb1fe72586e4d017469a
[INFO] [stderr] WARNING: Your kernel does not support swap limit capabilities or the cgroup is not mounted. Memory limited without swap.
[INFO] running `Command { std: "docker" "start" "-a" "b06d5029ac71e1cceca7001f6d9abd5d9d5a1f9aae76eb1fe72586e4d017469a", kill_on_drop: false }`
[INFO] running `Command { std: "docker" "inspect" "b06d5029ac71e1cceca7001f6d9abd5d9d5a1f9aae76eb1fe72586e4d017469a", kill_on_drop: false }`
[INFO] running `Command { std: "docker" "rm" "-f" "b06d5029ac71e1cceca7001f6d9abd5d9d5a1f9aae76eb1fe72586e4d017469a", kill_on_drop: false }`
[INFO] [stdout] b06d5029ac71e1cceca7001f6d9abd5d9d5a1f9aae76eb1fe72586e4d017469a
[INFO] running `Command { std: "docker" "create" "-v" "/var/lib/crater-agent-workspace/builds/worker-1/target:/opt/rustwide/target:rw,Z" "-v" "/var/lib/crater-agent-workspace/builds/worker-1/source:/opt/rustwide/workdir:ro,Z" "-v" "/var/lib/crater-agent-workspace/cargo-home:/opt/rustwide/cargo-home:ro,Z" "-v" "/var/lib/crater-agent-workspace/rustup-home:/opt/rustwide/rustup-home:ro,Z" "-e" "SOURCE_DIR=/opt/rustwide/workdir" "-e" "CARGO_TARGET_DIR=/opt/rustwide/target" "-e" "CARGO_INCREMENTAL=0" "-e" "RUST_BACKTRACE=full" "-e" "RUSTFLAGS=--cap-lints=forbid" "-e" "CARGO_HOME=/opt/rustwide/cargo-home" "-e" "RUSTUP_HOME=/opt/rustwide/rustup-home" "-w" "/opt/rustwide/workdir" "-m" "1610612736" "--user" "0:0" "--network" "none" "rustops/crates-build-env@sha256:d92eaeed33fa75130ca1ee6c8a01d1ffb62bac859dfdfb3450e3e5d1c0146529" "/opt/rustwide/cargo-home/bin/cargo" "+72f88fc4e9458f89516a0b8b0868f3718aec5b47" "check" "--frozen" "--all" "--all-targets" "--message-format=json", kill_on_drop: false }`
[INFO] [stdout] 3b9206215a5b9c509c551f7534758f52c95e7f9f2ef7ff57fd3396273b4728f4
[INFO] [stderr] WARNING: Your kernel does not support swap limit capabilities or the cgroup is not mounted. Memory limited without swap.
[INFO] running `Command { std: "docker" "start" "-a" "3b9206215a5b9c509c551f7534758f52c95e7f9f2ef7ff57fd3396273b4728f4", kill_on_drop: false }`
[INFO] [stderr] warning: dependency (pam) specified without providing a local path, Git repository, or version to use. This will be considered an error in future versions
[INFO] [stderr]     Blocking waiting for file lock on package cache
[INFO] [stderr]    Compiling libc v0.2.77
[INFO] [stderr]    Compiling serde v1.0.116
[INFO] [stderr]    Compiling syn v1.0.41
[INFO] [stderr]    Compiling byteorder v1.3.4
[INFO] [stderr]    Compiling pam-sys v0.5.6
[INFO] [stderr]     Checking untrusted v0.6.2
[INFO] [stderr]     Checking lazy_static v1.4.0
[INFO] [stderr]     Checking itoa v0.4.6
[INFO] [stderr]    Compiling num-traits v0.2.12
[INFO] [stderr]    Compiling num-integer v0.1.43
[INFO] [stderr]    Compiling ring v0.13.5
[INFO] [stderr]    Compiling proc-macro2 v1.0.21
[INFO] [stderr]    Compiling quote v1.0.7
[INFO] [stderr]     Checking base64 v0.9.3
[INFO] [stderr]     Checking time v0.1.44
[INFO] [stderr]     Checking users v0.8.1
[INFO] [stderr]     Checking pam v0.7.0
[INFO] [stderr]     Checking chrono v0.4.15
[INFO] [stderr]    Compiling serde_derive v1.0.116
[INFO] [stderr]     Checking serde_json v1.0.57
[INFO] [stderr]     Checking jsonwebtoken v5.0.1
[INFO] [stderr]     Checking pam-jwt v0.0.1 (/opt/rustwide/workdir)
[INFO] [stdout] error[E0432]: unresolved import `pam::module`
[INFO] [stdout]   --> src/lib.rs:22:10
[INFO] [stdout]    |
[INFO] [stdout] 22 | use pam::module::{PamHandle, PamHooks};
[INFO] [stdout]    |          ^^^^^^ could not find `module` in `pam`
[INFO] [stdout] 
[INFO] [stdout] 
[INFO] [stdout] error[E0432]: unresolved import `pam::constants`
[INFO] [stdout]   --> src/lib.rs:23:10
[INFO] [stdout]    |
[INFO] [stdout] 23 | use pam::constants::{PamResultCode, PamFlag, PAM_PROMPT_ECHO_OFF, PAM_TEXT_INFO};
[INFO] [stdout]    |          ^^^^^^^^^ could not find `constants` in `pam`
[INFO] [stdout] 
[INFO] [stdout] 
[INFO] [stdout] error[E0432]: unresolved import `pam::conv`
[INFO] [stdout]   --> src/lib.rs:24:10
[INFO] [stdout]    |
[INFO] [stdout] 24 | use pam::conv::PamConv;
[INFO] [stdout]    |          ^^^^ could not find `conv` in `pam`
[INFO] [stdout] 
[INFO] [stdout] 
[INFO] [stdout] error: cannot find macro `pam_hooks` in this scope
[INFO] [stdout]   --> src/lib.rs:58:1
[INFO] [stdout]    |
[INFO] [stdout] 58 | pam_hooks!(PamJWT);
[INFO] [stdout]    | ^^^^^^^^^
[INFO] [stdout] 
[INFO] [stdout] 
[INFO] [stdout] warning: unused `#[macro_use]` import
[INFO] [stdout]   --> src/lib.rs:21:1
[INFO] [stdout]    |
[INFO] [stdout] 21 | #[macro_use] extern crate pam;
[INFO] [stdout]    | ^^^^^^^^^^^^
[INFO] [stdout]    |
[INFO] [stdout]    = note: `#[warn(unused_imports)]` on by default
[INFO] [stdout] 
[INFO] [stdout] 
[INFO] [stdout] warning: unused macro definition
[INFO] [stdout]   --> src/lib.rs:28:1
[INFO] [stdout]    |
[INFO] [stdout] 28 | / macro_rules! pam_try {
[INFO] [stdout] 29 | |     ($e:expr) => (
[INFO] [stdout] 30 | |         match $e {
[INFO] [stdout] 31 | |             Ok(v) => v,
[INFO] [stdout] ...  |
[INFO] [stdout] 43 | |     );
[INFO] [stdout] 44 | | }
[INFO] [stdout]    | |_^
[INFO] [stdout]    |
[INFO] [stdout]    = note: `#[warn(unused_macros)]` on by default
[INFO] [stdout] 
[INFO] [stdout] 
[INFO] [stdout] error[E0432]: unresolved import `pam::module`
[INFO] [stdout]   --> src/lib.rs:22:10
[INFO] [stdout]    |
[INFO] [stdout] 22 | use pam::module::{PamHandle, PamHooks};
[INFO] [stdout]    |          ^^^^^^ could not find `module` in `pam`
[INFO] [stdout] 
[INFO] [stdout] 
[INFO] [stdout] error[E0432]: unresolved import `pam::constants`
[INFO] [stdout]   --> src/lib.rs:23:10
[INFO] [stdout]    |
[INFO] [stdout] 23 | use pam::constants::{PamResultCode, PamFlag, PAM_PROMPT_ECHO_OFF, PAM_TEXT_INFO};
[INFO] [stdout]    |          ^^^^^^^^^ could not find `constants` in `pam`
[INFO] [stdout] 
[INFO] [stdout] 
[INFO] [stdout] error[E0432]: unresolved import `pam::conv`
[INFO] [stdout]   --> src/lib.rs:24:10
[INFO] [stdout]    |
[INFO] [stdout] 24 | use pam::conv::PamConv;
[INFO] [stdout]    |          ^^^^ could not find `conv` in `pam`
[INFO] [stdout] 
[INFO] [stdout] 
[INFO] [stdout] error: cannot find macro `pam_hooks` in this scope
[INFO] [stdout]   --> src/lib.rs:58:1
[INFO] [stdout]    |
[INFO] [stdout] 58 | pam_hooks!(PamJWT);
[INFO] [stdout]    | ^^^^^^^^^
[INFO] [stdout] 
[INFO] [stdout] 
[INFO] [stdout] warning: unused `#[macro_use]` import
[INFO] [stdout]   --> src/lib.rs:21:1
[INFO] [stdout]    |
[INFO] [stdout] 21 | #[macro_use] extern crate pam;
[INFO] [stdout]    | ^^^^^^^^^^^^
[INFO] [stdout]    |
[INFO] [stdout]    = note: `#[warn(unused_imports)]` on by default
[INFO] [stdout] 
[INFO] [stdout] 
[INFO] [stdout] warning: unused macro definition
[INFO] [stdout]   --> src/lib.rs:28:1
[INFO] [stdout]    |
[INFO] [stdout] 28 | / macro_rules! pam_try {
[INFO] [stdout] 29 | |     ($e:expr) => (
[INFO] [stdout] 30 | |         match $e {
[INFO] [stdout] 31 | |             Ok(v) => v,
[INFO] [stdout] ...  |
[INFO] [stdout] 43 | |     );
[INFO] [stdout] 44 | | }
[INFO] [stdout]    | |_^
[INFO] [stdout]    |
[INFO] [stdout]    = note: `#[warn(unused_macros)]` on by default
[INFO] [stdout] 
[INFO] [stdout] 
[INFO] [stdout] error: aborting due to 4 previous errors; 2 warnings emitted
[INFO] [stdout] 
[INFO] [stdout] 
[INFO] [stdout] For more information about this error, try `rustc --explain E0432`.
[INFO] [stdout] 
[INFO] [stdout] error: aborting due to 4 previous errors; 2 warnings emitted
[INFO] [stdout] 
[INFO] [stdout] 
[INFO] [stdout] For more information about this error, try `rustc --explain E0432`.
[INFO] [stdout] 
[INFO] [stderr] error: could not compile `pam-jwt`.
[INFO] [stderr] 
[INFO] [stderr] To learn more, run the command again with --verbose.
[INFO] [stderr] warning: build failed, waiting for other jobs to finish...
[INFO] [stderr] error: build failed
[INFO] running `Command { std: "docker" "inspect" "3b9206215a5b9c509c551f7534758f52c95e7f9f2ef7ff57fd3396273b4728f4", kill_on_drop: false }`
[INFO] running `Command { std: "docker" "rm" "-f" "3b9206215a5b9c509c551f7534758f52c95e7f9f2ef7ff57fd3396273b4728f4", kill_on_drop: false }`
[INFO] [stdout] 3b9206215a5b9c509c551f7534758f52c95e7f9f2ef7ff57fd3396273b4728f4
